1992 + 8?
199a
In base 15, what is 8 - 26?
-1d
In base 10, what is -5 + 121?
116
In base 3, what is 101 + 2?
110
In base 6, what is 4 + 554?
1002
In base 3, what is -201 - 10?
-211
In base 3, what is -20 - 2?
-22
In base 8, what is -513 + -22?
-535
In base 4, what is 210 + 31313?
32123
In base 13, what is -94 - -3?
-91
In base 8, what is 4 + 541?
545
In base 15, what is -10b - 3?
-10e
In base 10, what is 1775 + -1?
1774
In base 9, what is 68 - -118?
187
In base 2, what is -11010000 - -10?
-11001110
In base 3, what is 0 + -111211?
-111211
In base 15, what is 5 - 9ce?
-9c9
In base 12, what is 28 + -1?
27
In base 2, what is -11 + 1000001?
111110
In base 6, what is -11420 + -2?
-11422
In base 12, what is -2020 + -2?
-2022
In base 9, what is 1202 - 2?
1200
In base 5, what is -10 + 42411?
42401
In base 6, what is 0 - -5?
5
In base 14, what is bd6 - 4?
bd2
In base 4, what is 22131 - -11?
22202
In base 13, what is 4 - 6c?
-68
In base 9, what is -4834 - -3?
-4831
In base 7, what is 1 + -64?
-63
In base 16, what is -871 + 2?
-86f
In base 2, what is 1001 - -101?
1110
In base 5, what is 2303 - -4?
2312
In base 13, what is -35 + b?
-27
In base 15, what is 32 + -21?
11
In base 15, what is 0 - -74?
74
In base 8, what is 5 + 365?
372
In base 9, what is 4748 - -5?
4754
In base 10, what is 6 + 4?
10
In base 5, what is 132 - -3031?
3213
In base 5, what is 11 - 3413?
-3402
In base 14, what is 1b - -17?
34
In base 15, what is 3 - 337?
-334
In base 9, what is -10 + 22?
12
In base 15, what is -5 + -83b?
-841
In base 4, what is -11 - -2202?
2131
In base 8, what is 15 + -12?
3
In base 3, what is 20001 + -10?
12221
In base 5, what is 1 - -41234?
41240
In base 9, what is 22 + 140?
162
In base 7, what is -42 + -3?
-45
In base 5, what is -2101 + -132?
-2233
In base 13, what is -69a + -5?
-6a2
In base 14, what is 3c + 0?
3c
In base 16, what is -1ae + -5?
-1b3
In base 9, what is -1 + 2174?
2173
In base 5, what is -20 - -21200?
21130
In base 2, what is -101 + 100010?
11101
In base 8, what is 307 - -1?
310
In base 10, what is 17 - 0?
17
In base 13, what is 417 + 3?
41a
In base 6, what is 5 - 0?
5
In base 13, what is 27 + 8?
32
In base 5, what is -31241 - 4?
-31300
In base 12, what is 0 - 1125?
-1125
In base 10, what is 45 + 3?
48
In base 2, what is -11001111011 - 111?
-11010000010
In base 15, what is 1613 - 3?
1610
In base 9, what is -7 - -10?
2
In base 3, what is -11 - 10020?
-10101
In base 16, what is -1b + -89?
-a4
In base 3, what is -1 - -120202?
120201
In base 9, what is 4 - 1425?
-1421
In base 15, what is -31 + 3?
-2d
In base 6, what is 2154 + -25?
2125
In base 11, what is 18 + -31a?
-302
In base 9, what is -11 - -36?
25
In base 10, what is -7 + -87?
-94
In base 2, what is -111 - -10?
-101
In base 15, what is -4 - 7b?
-80
In base 14, what is 1 + -62?
-61
In base 14, what is 524 - -2?
526
In base 5, what is 14142 - 0?
14142
In base 2, what is -11 + 101000101111?
101000101100
In base 7, what is -5 + 10355?
10350
In base 7, what is 5 - -446?
454
In base 12, what is 1730 + -2?
172a
In base 8, what is 4 - 2?
2
In base 5, what is 4 + 1120?
1124
In base 4, what is -20100 + -10?
-20110
In base 7, what is 52 - 14?
35
In base 2, what is -111010000 + -101?
-111010101
In base 6, what is 0 + 344?
344
In base 13, what is -12 - -c?
-3
In base 11, what is 0 + -981?
-981
In base 5, what is 4 - -32401?
32410
In base 8, what is 105 + 2?
107
In base 14, what is -c9dd - 3?
-ca02
In base 6, what is 252 - -3?
255
In base 6, what is 4 + 4222?
4230
In base 5, what is -10 - -10101?
10041
In base 6, what is 10 + 5?
15
In base 2, what is 11111 - 10?
11101
In base 5, what is 0 - -2220?
2220
In base 16, what is -5 + 17b?
176
In base 9, what is 4 - -468?
473
In base 5, what is -3 + -32141?
-32144
In base 11, what is 34 + 5?
39
In base 16, what is -21 - -76?
55
In base 6, what is 204 + 1?
205
In base 16, what is -2 - -a8?
a6
In base 6, what is 431 + 25?
500
In base 12, what is 337 - 1?
336
In base 7, what is -1 - 41?
-42
In base 13, what is -42 - -4?
-3b
In base 8, what is -1 + 1752?
1751
In base 8, what is -227 - 4?
-233
In base 14, what is -2 + bd?
bb
In base 9, what is -1251 - -5?
-1245
In base 2, what is -1001 + 110000010?
101111001
In base 14, what is 1 - -c30?
c31
In base 2, what is 0 + 100111?
100111
In base 9, what is -3 + 54?
51
In base 7, what is -1 - 131?
-132
In base 13, what is -17c - -7?
-175
In base 4, what is -2 + -203?
-211
In base 10, what is 58 + -110?
-52
In base 10, what is 45 - 181?
-136
In base 13, what is -c2c - -2?
-c2a
In base 3, what is -1 + -11010?
-11011
In base 15, what is -16 - -5?
-11
In base 5, what is 0 - 420?
-420
In base 3, what is 12110 - 1?
12102
In base 7, what is 2 - 314?
-312
In base 7, what is -1 + -323?
-324
In base 7, what is 236 - -3?
242
In base 4, what is 11 + 132102?
132113
In base 11, what is -11 + 43?
32
In base 16, what is -27 - -7?
-20
In base 15, what is 107 + 2?
109
In base 7, what is -200 + 301?
101
In base 2, what is -110001 + 1?
-110000
In base 2, what is 1011 + 1100111?
1110010
In base 3, what is -12 - -22112211?
22112122
In base 5, what is 22 + 4342?
4414
In base 10, what is -222 + 1?
-221
In base 10, what is 1 - -37?
38
In base 15, what is 5 - -27?
2c
In base 8, what is -10 - 2304?
-2314
In base 5, what is 31210 - -10?
31220
In base 2, what is 101100000000 + -10?
101011111110
In base 11, what is -3 - 199?
-1a1
In base 15, what is 9e - -2?
a1
In base 4, what is 3 - 1233?
-1230
In base 7, what is -2314 + -6?
-2323
In base 6, what is 11 + -233?
-222
In base 6, what is 0 - 114?
-114
In base 7, what is -3 - 4?
-10
In base 10, what is -626 - -5?
-621
In base 8, what is 25 + -10?
15
In base 10, what is 165 + 2?
167
In base 10, what is -12 + 24?
12
In base 11, what is 19 - 18?
1
In base 4, what is 11020231 + 1?
11020232
In base 7, what is -231 + -1?
-232
In base 15, what is 2085 - -5?
208a
In base 7, what is -25304 + -1?
-25305
In base 2, what is 10 - 1010010111?
-1010010101
In base 11, what is -5a + -a?
-69
In base 16, what is -3 - -19?
16
In base 10, what is 0 + -3004?
-3004
In base 11, what is -3 - 0?
-3
In base 2, what is 11 + -111110001?
-111101110
In base 14, what is 0 - -2a?
2a
In base 8, what is -6 - -11430?
11422
In base 15, what is 29 - 1a?
e
In base 16, what is -33 - 9?
-3c
In base 8, what is -3 + -166?
-171
In base 16, what is -16 - 4?
-1a
In base 8, what is -3 - -321?
316
In base 3, what is 201 - 2?
122
In base 14, what is -2da + 0?
-2da
In base 10, what is -2 - -75?
73
In base 2, what is -111 - 10010101?
-10011100
In base 10, what is 344 + 5?
349
In base 3, what is 0 + -1200201?
-1200201
In base 11, what is 1410 - 3?
1408
In base 15, what is -a + 9?
-1
In base 6, what is 1144 - 12?
1132
In base 12, what is -362 - 1?
-363
In base 9, what is -8 - -3?
-5
In base 9, what is -5 + -82?
-87
In base 8, what is 20 - -6?
26
In base 7, what is 5 - -1161?
1166
In base 12, what is -9 + -379?
-386
In base 11, what is 7 - -63?
6a
In base 2, what is 11100101 - 10111?
11001110
In base 8, what is -25070 - 1?
-25071
In base 10, what is 4 + -47?
-43
In base 11, what is 4020 + -3?
4018
In base 11, what is -2 + -216?
-218
In base 9, what is 4 - -7428?
7433
In base 9, what is -34 + -24?
-58
In base 13, what is 41 - -59?
9a
In base 6, what is -5 - -334?
325
In base 9, what is -18 + 53?
34
In base 2, what is 11 - 11101010?
-11100111
In base 11, what is 3 - 2?
1
In base 12, what is -22 - -87?
65
In base 3, what is 110111 + -211?
102200
In base 4, what is -332 - -11?
-321
In base 3, what is -2 + -221002?
-221011
In base 4, what is 122321 - 0?
122321
In base 13, what is -1250 - c?
-125c
In base 10, what is 8911 - 4?
8907
In base 15, what is -701 + -2?
-703
In base 9, what is 2 - 763?
-761
In base 9, what is 11771 + 5?
11776
In base 15, what is 377 + 3?
37a
In base 13, what is 3b + -18?
23
In base 6, what is -233 - 24?
-301
In base 16, what is -2 + 17d?
17b
In base 14, what is 1 - 302?
-301
In base 13, what is 1 + 1592?
1593
In base 3, what is -1 - -212221?
212220
In base 5, what is 124 + -2?
122
In base 9, what is 12567 - -5?
12573
In base 13, what is -7 + -2?
-9
In base 12, what is b + -615?
-606
In base 12, what is 1 + -312?
-311
In base 11, what is -3 + -1041?
-1044
In base 14, what is -20b + -d?
-21a
In base 8, what is 14 + 715?
731
In base 14, what is 0 